*d - 4, 2*d = 2. What is the units digit of (-8)/t*(-510)/12?
4
Let o = -155 + 260. Let n = o + -106. Let f = n + 120. What is the hundreds digit of f?
1
Let b = 11213 - 9336. What is the units digit of b?
7
Let v = -118 + 140. Suppose -v*a + 11647 = -3*a. What is the tens digit of a?
1
Suppose 9 + 2 = -11*g. What is the tens digit of g + 3 - (-2 - 469 - -8)?
6
Let y = 58 - 56. Suppose -3*s + 2*s + 3*v - 32 = 0, -3*s = y*v + 96. Let z = 271 + s. What is the hundreds digit of z?
2
Let w(d) = 110*d - 4. Let y be w(1). Let t = y + -194. Let q = -29 - t. What is the tens digit of q?
5
Let h(r) = 2*r**2 + 54*r + 54. Let t be h(-1). Suppose 1664 = t*y + 3*n, 2*y = -6*n + 4*n + 1668. What is the hundreds digit of y?
8
Suppose 29*n = -23 + 81. Suppose 1370 = n*b + 412. What is the hundreds digit of b?
4
Let q(n) = 6*n - 4. Let o be q(1). What is the units digit of 1100/o - (-11)/(0 + 11)?
1
Let p = -44 - -5518. What is the hundreds digit of p?
4
Suppose 4*n - 2*h = 45176, 4*h - 9*h - 11321 = -n. What is the ten thousands digit of n?
1
Let y(m) = m**3 + m**2 + 1. Let s(h) = 44*h**3 - 6*h**2 - h - 6. Let f(a) = s(a) + 6*y(a). Suppose -4 + 2 = -2*j. What is the units digit of f(j)?
9
Let o(p) = -8*p - 87. Let b be o(26). Let y = 330 + b. What is the tens digit of y?
3
Let s be 2620 + -1 + (4/(-2) - 2). What is the tens digit of 0 + (-2)/(-5) - s/(-25)?
0
Let h(m) = 3*m**3 - 21*m**2 - 47*m + 68. What is the units digit of h(18)?
4
What is the thousands digit of 54/(-135) + (8/(-80))/(2/(-63068))?
3
Let r(h) = 14*h**2 + 22*h + 182. Let o be r(-12). Let l = o - 953. What is the units digit of l?
1
What is the thousands digit of -7*(4*-2 + (-81738)/126)?
4
Suppose 2*i - 8 = 0, 6*j - 3*i + 8*i - 34952 = 0. What is the units digit of j?
2
Suppose -4*i + 12 = g, g - 14 = 21*i - 26*i. Suppose i*m = -2 + 456. What is the hundreds digit of m?
2
Let i(o) = -6 - 70*o - 1 - 234*o. Suppose -724*b = -732*b - 8. What is the units digit of i(b)?
7
Let b(v) = 47*v + 1 - 17*v - v**3 - 26*v. What is the units digit of b(2)?
1
Let z(g) = -g**3 - 6*g + 173. Let i(q) = -q**3 - 5*q + 174. Let r(s) = 5*i(s) - 4*z(s). Suppose -2 = 4*a - 2. What is the hundreds digit of r(a)?
1
Suppose -z = 8*u - 12*u - 4, 5*z - u - 20 = 0. What is the units digit of (-135520)/(-525) - z/30?
8
Let k be 3/((-5)/175*-5). Suppose 3*n + k = 2*z, 5*z = z - n + 7. Suppose 0 = z*r - 5*v - 247, 3*r - 232 = -5*v + 25. What is the units digit of r?
4
Let o = -5 + -14. Let j(f) = f**2 + 19*f + 4. Let r be j(o). Suppose r*h - 426 = -2*h. What is the units digit of h?
1
Let i = 460 + -231. Let a(w) = -w**2 - w + 4. Let h be a(-2). Suppose -5*s = 5*p - 1175, -949 + i = -3*s + h*p. What is the tens digit of s?
3
Suppose k - 6*h + 4312 = 13952, 2*h + 19230 = 2*k. What is the thousands digit of k?
9
Let r = 3623 + -1940. Let b = r + -1174. What is the hundreds digit of b?
5
What is the units digit of ((-34)/6 - 1)*(-16 - -1)?
0
Let u(v) be the first derivative of v**3/3 - 13*v**2 + 75*v - 26. What is the hundreds digit of u(27)?
1
Let y(f) = -8*f - 17. Let x be y(-6). Let q = 2 + x. Suppose 0 = 4*t, -b + 3*t = -23 - q. What is the tens digit of b?
5
Let t = -8957 - -24185. What is the tens digit of t?
2
Let q = 166 - 160. Suppose 2*n - q = 0, 2*w + 3*n - 5 = 3*w. What is the units digit of w?
4
Let z(s) = 258*s**3 - 7*s**2 + 11. Let n(c) = -c**3 + c**2 - c. Let b(f) = 3*n(f) + z(f). What is the tens digit of b(2)?
2
Let z(u) be the third derivative of u**5/12 + u**4/2 + 5*u**3 + 122*u**2. What is the units digit of z(8)?
6
Suppose -85*z + 24*z = -1403. Suppose 2*f + 0*f = 3*s - 75, -5*f - 15 = 0. Let r = z + s. What is the units digit of r?
6
Let x = -2028 + 3460. What is the tens digit of x?
3
Let f(q) = 9 - 43*q + q**3 + 5*q**2 + 19 - 33*q**2. What is the units digit of f(31)?
8
Suppose t + 3*o = 65972, 150*t + 65927 = 151*t - 2*o. What is the hundreds digit of t?
9
What is the tens digit of ((-3)/(-12) - 103805/20)*1050/(-125)?
9
Suppose -15*r = -7*r - 40. Suppose c + 17 = r*v, 5*v - 5 = c + 4*c. Suppose n - 212 = -c*q, -n + 0 - 4 = 0. What is the tens digit of q?
7
Suppose 4*x - 5720 = 4*m + 6800, -x = -2*m - 3124. What is the thousands digit of x?
3
Let p = 26 + -55. Let l(x) be the second derivative of -x**4/12 - 37*x**3/6 + 5*x**2/2 + 60*x. What is the units digit of l(p)?
7
What is the tens digit of (1 - (1 + (-1382)/(-6)))*30480/(-5080)?
8
Let k(n) = -n**3 - 17*n**2 - 45*n + 31. Let o be k(-16). Suppose -8*g + 11*g + 2*r - o = 0, 0 = 3*g - 3*r - 495. What is the units digit of g?
5
Let y be ((4/6)/1)/((-26)/(-46995)). Suppose -3*r + 2002 = 5*o, -8*o + 2*r + y = -5*o. What is the tens digit of o?
0
Let q be (-2 + -1 + 2)*-5. Suppose -3*a - q*a + 2*a = 0. What is the tens digit of a - -23 - (1 + (-6)/(-3))?
2
Let x(y) be the second derivative of 5*y**3/6 - 93*y**2/2 - y. Let j be x(0). Let d = 130 + j. What is the tens digit of d?
3
Suppose 0*l - 10*l = l. Suppose 5*o - 5325 = -3*k, l = o - 3*k - 2*k - 1065. What is the thousands digit of o?
1
What is the thousands digit of 24*(-1 + (-10)/(-12))/(56/(-279384))?
9
Suppose 53*m + 2*x + 2372 = 56*m, -m - x + 789 = 0. Let q = 565 + m. What is the hundreds digit of q?
3
Let q = -623 - -96. Let v = q + 983. What is the units digit of v?
6
Let p = 99 - 46. Suppose -50*w = -p*w + 57. Let i = w + 37. What is the tens digit of i?
5
Let v = -1071 + 427. Let c = -223 - v. What is the units digit of c?
1
Suppose 2*u + 22 = 36, 8*u - 30520 = -4*x. What is the hundreds digit of x?
6
What is the units digit of (-13 + 25 + 64974)*(-2)/(-12)?
1
Suppose -4*h + 23631 = 3*t, 84*t - h - 39431 = 79*t. What is the tens digit of t?
8
Let w(v) = -v**3 - 8*v**2 - 11*v + 5. Suppose 4*g - 28 - 544 = 4*o, -665 = 5*o + 5*g. Let t = o - -130. What is the tens digit of w(t)?
9
Let a = -16510 - -23736. What is the thousands digit of a?
7
Let u = -79 + 86. Suppose 3*m = u*m - 12. Suppose 0 = -7*c + m*c + 212. What is the units digit of c?
3
Suppose 43 = 2*r - 3. Let d = 83 - 26. Let m = d + r. What is the tens digit of m?
8
Suppose 3 = 8*u - 37. Suppose -3*m + 2*o = -187, u*m - o - 4*o = 305. Suppose -m = -2*a + 47. What is the units digit of a?
6
Let u(h) be the second derivative of -11*h + 0 - 5/2*h**2 + 13/2*h**3. What is the units digit of u(3)?
2
Suppose -8*p - c - 26 = -6*p, 5*c - 80 = 4*p. Let l be (p/9)/((-3)/9). Suppose 4*z + 1074 - 3 = l*k, 5*k + 5*z = 1080. What is the units digit of k?
5
Let w = -55532 + 87489. What is the thousands digit of w?
1
Suppose 12 = -4*y, -c + 2*c - 131 = -2*y. Let x = c - 51. Suppose 127 + x = 3*u. What is the units digit of u?
1
Suppose -o + 5*o - 16 = 3*k, 0 = -4*k. Let d(t) = t**3 + 7*t**2 + t + 10. Let m be d(-7). What is the units digit of m + ((-3)/(-12)*o - 0)?
4
Let h(r) = 2172*r**2 - 208*r - 841. What is the tens digit of h(-4)?
4
Suppose 0 = -10*h + 49 - 9. Suppose h*m + 351 = -2*u + 1759, -3*m = 5*u - 3527. What is the hundreds digit of u?
7
Let z(g) = -g**3 + 6*g**2 - 2*g + 10. Let r be z(3). Let j = -29 + r. Suppose 90 = -0*m + j*m. What is the tens digit of m?
4
Suppose 11*k = -k + 1200. Let v = k - 30. What is the tens digit of v?
7
Let l = -1789 - -3571. What is the thousands digit of l?
1
Suppose -11*l + 329921 = -57869 - 6175. What is the thousands digit of l?
5
Let f(u) = -2*u**2 + 62*u + 141. Let t be f(33). Let i(b) = -3*b**2 + 78*b - 3. What is the tens digit of i(t)?
5
Let c = -165 + 189. Suppose c*h - 36*h = -6192. What is the units digit of h?
6
Let g(r) = r + 75. Let b be g(-22). Suppose 23333 - 81580 = -b*y. What is the tens digit of y?
9
Let h(o) = -o**3 - 39*o**2 - 388*o + 37. What is the tens digit of h(-25)?
8
Let o(f) = -f**3 - 4*f**2 + 11 + 7*f**2 - 3. Let v be o(4). What is the tens digit of (-2 - 51)/((-2)/v*-2)?
0
Suppose -2*c + 1920 = 172. Suppose 58*h = 56*h + c. What is the tens digit of h?
3
Let z(m) = m**3 - 15*m**2 - 12*m + 2. Let a(p) = -p**3 + 18*p**2 + 13*p - 2. Let n(y) = -2*a(y) - 3*z(y). What is the hundreds digit of n(6)?
1
Let k = -78 - -80. Let m be (-8)/4 + (k - 1) - 9. What is the tens digit of 43 - (21/(-35) + 4/m)?
4
Let i = 434 - 284. What is the hundreds digit of (i/24 + -6)*3308?
8
What is the thousands digit of (-10)/5 + (8379 - -15)?
8
Suppose 5*o - 3*j = 2178, 3*j + 217 = 2*o - 647. Supp